53 composite?
False
Is 180233 a composite number?
False
Is 22993 a composite number?
False
Is 19631 a composite number?
True
Is 154949 composite?
True
Is 16871 prime?
True
Is 58933 a composite number?
True
Is 49307 prime?
True
Is 102761 prime?
True
Is 11383 composite?
False
Is 3833 composite?
False
Is 6239 composite?
True
Is 209009 composite?
True
Is 314419 a prime number?
False
Is 1115 composite?
True
Is 9977 a prime number?
False
Is 3163 prime?
True
Is 260453 composite?
False
Is 191999 a composite number?
False
Is 4703 composite?
False
Is 22247 a prime number?
True
Is 190607 a prime number?
True
Is 190733 composite?
True
Is 1064549 composite?
False
Is 69614 a composite number?
True
Is 178259 a composite number?
False
Is 26777 prime?
True
Is 1293 composite?
True
Is 55751 prime?
False
Is 8287 a prime number?
True
Is 1774207 a composite number?
False
Is 1035949 composite?
False
Is 2582009 a composite number?
False
Is 11303 a prime number?
False
Is 138001 composite?
True
Is 317437 a prime number?
True
Is 254 a composite number?
True
Is 5777 prime?
False
Is 416567 a composite number?
True
Is 21821 composite?
False
Is 157711 a prime number?
False
Is 2461 a prime number?
False
Is 2963 composite?
False
Is 100019 prime?
True
Is 415447 prime?
True
Is 12133 a composite number?
True
Is 2105 a prime number?
False
Is 2609 a composite number?
False
Is 203713 a composite number?
False
Is 19661 a composite number?
False
Is 24359 a prime number?
True
Is 59951 a composite number?
False
Is 45641 prime?
True
Is 127913 a composite number?
False
Is 932407 prime?
False
Is 1154 a composite number?
True
Is 340883 a composite number?
True
Is 182153 prime?
False
Is 118493 a composite number?
False
Is 18623 composite?
True
Is 48437 a prime number?
True
Is 33679 composite?
False
Is 5539 composite?
True
Is 3437597 prime?
True
Is 2306299 a prime number?
True
Is 79 prime?
True
Is 45397 prime?
False
Is 14635 a composite number?
True
Is 4847 a prime number?
False
Is 5729 composite?
True
Is 165587 a prime number?
True
Is 635267 a prime number?
True
Is 23623 prime?
True
Is 241541 prime?
False
Is 1837 composite?
True
Is 104827 a prime number?
True
Is 3785 a composite number?
True
Is 387911 composite?
False
Is 243469 a composite number?
False
Is 10823 prime?
False
Is 251879 a prime number?
True
Is 778 composite?
True
Is 6901 prime?
False
Is 104869 a composite number?
False
Is 142773 prime?
False
Is 128147 a composite number?
False
Is 1259 composite?
False
Is 1087 a composite number?
False
Is 384439 prime?
False
Is 9998 prime?
False
Is 14143 a prime number?
True
Is 3299 prime?
True
Is 23813 a composite number?
False
Is 29117 composite?
True
Is 1397 a prime number?
False
Is 217897 a prime number?
False
Is 26369 composite?
True
Is 8263 a composite number?
False
Is 655559 a composite number?
False
Is 119261 composite?
True
Is 16291 composite?
True
Is 19919 prime?
True
Is 2987 a prime number?
False
Is 494213 a composite number?
False
Is 233483 prime?
False
Is 159347 composite?
False
Is 2459 a prime number?
True
Is 3071 prime?
False
Is 16331 a prime number?
False
Is 45613 composite?
False
Is 572081 a prime number?
False
Is 5762501 prime?
True
Is 17377 a composite number?
False
Is 54037 composite?
False
Is 22047 a composite number?
True
Is 21799 a prime number?
True
Is 194431 composite?
False
Is 2453 a prime number?
False
Is 3982591 composite?
False
Is 93 prime?
False
Is 68261 a composite number?
False
Is 2773153 prime?
True
Is 237319 a prime number?
True
Is 41669 composite?
False
Is 164267 a prime number?
True
Is 467561 a prime number?
False
Is 3778 a prime number?
False
Is 2489 a prime number?
False
Is 6389 a composite number?
False
Is 1131647 prime?
False
Is 1348483 a prime number?
True
Is 6373 a prime number?
True
Is 79801 a composite number?
False
Is 3017 a prime number?
False
Is 1031 composite?
False
Is 52837 composite?
False
Is 20431 composite?
False
Is 426241 a composite number?
True
Is 74821 a composite number?
False
Is 223 prime?
True
Is 8341 prime?
False
Is 197443 a prime number?
False
Is 559831 composite?
False
Is 413047 a prime number?
False
Is 53953 a prime number?
False
Is 3694 a composite number?
True
Is 18637 a prime number?
True
Is 3687493 prime?
False
Is 8222 a prime number?
False
Is 66293 prime?
True
Is 114269 composite?
False
Is 8263 a prime number?
True
Is 7751 a prime number?
False
Is 627433 composite?
False
Is 331259 prime?
True
Is 699 composite?
True
Is 81071 composite?
False
Is 30273 prime?
False
Is 5557 composite?
False
Is 30631 composite?
False
Is 1195 a prime number?
False
Is 89669 composite?
False
Is 532439 a composite number?
False
Is 19829 a prime number?
False
Is 6898 a composite number?
True
Is 443645 composite?
True
Is 43063 composite?
False
Is 55453 a composite number?
True
Is 1043953 composite?
True
Is 31549 composite?
True
Is 94559 a prime number?
True
Is 14197 a prime number?
True
Is 23077 prime?
False
Is 249771 prime?
False
Is 44303 composite?
True
Is 44171 composite?
False
Is 90697 a composite number?
False
Is 5227 prime?
True
Is 70939 composite?
True
Is 15923 prime?
True
Is 190507 a prime number?
True
Is 4399 a composite number?
True
Is 256967 a composite number?
False
Is 13777 a prime number?
False
Is 8699 a prime number?
True
Is 23389 composite?
True
Is 3523 composite?
True
Is 109393 a prime number?
False
Is 583 composite?
True
Is 46199 composite?
False
Is 15427 prime?
True
Is 2765959 composite?
True
Is 29371 prime?
False
Is 13567 composite?
False
Is 37733 prime?
False
Is 387715 composite?
True
Is 12381 prime?
False
Is 181603 prime?
True
Is 45389 prime?
True
Is 8147 a prime number?
True
Is 69073 prime?
True
Is 19793 a composite number?
False
Is 431047 prime?
True
Is 31307 a prime number?
True
Is 2045 a prime number?
False
Is 109537 composite?
False
Is 12631 a prime number?
False
Is 4657 composite?
False
Is 98429 a prime number?
True
Is 2402 composite?
True
Is 257351 composite?
False
Is 24049 a prime number?
True
Is 25087 a prime number?
True
Is 26177 a composite number?
False
Is 468127 prime?
False
Is 187149 a composite number?
True
Is 677119 a prime number?
True
Is 68881 a prime number?
True
Is 875821 prime?
True
Is 967 composite?
False
Is 8573 a prime number?
True
Is 1132063 a prime number?
True
Is 11957 a prime number?
False
Is 5519 composite?
False
Is 145021 prime?
True
Is 51659 a prime number?
True
Is 1543 a prime number?
True
Is 4729 a prime number?
True
Is 37769 a composite number?
True
Is 29909 composite?
True
Is 32113 a composite number?
True
Is 16013 a composite number?
True
Is 156781 a prime number?
True
Is 17519 composite?
False
Is 113891 composite?
False
Is 286333 composite?
False
Is 3199 a prime number?
False
Is 2309 a composite number?
False
Is 62383 a composite number?
False
Is 51661 a composite number?
True
Is 255709 a prime number?
True
Is 5623 a composite number?
False
Is 257041 a prime number?
False
Is 2179 a composite number?
False
Is 2021255 a composite number?
True
Is 10331 a composite number?
False
Is 1402249 a composite number?
False
Is 48751 composite?
False
Is 24391 composite?
False
Is 878615 a prime number?
False
Is 289339 a prime number?
False
Is 38593 composite?
False
Is 10519 a prime number?
False
Is 645878 a composite number?
True
Is 2518 composite?
True
Is 178667 composite?
True
Is 747391 a prime number?
True
Is 180059 prime?
False
Is 7331 composite?
False
Is 37959 a prime number?
False
Is 9647 composite?
True
Is 17813 composite?
True
Is 5963 a composite number?
True
Is 122693 prime?
True
Is 20047 a prime number?
True
Is 1361 a composite number?
False
Is 1247 a prime number?
False
Is 144161 a prime number?
True
Is 6557 a prime number?
False
Is 4546 a prime number?
False
Is 846161 composite?
False
Is 4460603 composite?
True
Is 211859 a composite number?
False
Is 853 a prime number?
True
Is 48073 composite?
False
Is 5021 prime?
True
Is 68767 prime?
True
Is 3039169 prime?
False
Is 35689 a composite number?
True
Is 5937 a prime number?
False
Is 2437 composite?
False
Is 742253 composite?
False
Is 9793 a composite number?
True
Is 42631 composite?
True
Is 218555 a prime number?
False
Is 14243 composite?
False
Is 92197 a composite number?
True
Is 850705 a prime number?
False
Is 20329 prime?
False
Is 176531 composi